is the tens digit of (16 - 3)*685 - 3/(6/(-16))?
1
Let h be (22/(-88))/(3/(-708)). Suppose 0 = -43*y + h*y - 30688. What is the tens digit of y?
1
Let l = -6873 + 19069. What is the thousands digit of l?
2
Let h be (28 - 23)*18/(-5). What is the units digit of 107/(-6)*4*h/12?
7
Suppose -9410*t + 9396*t = -156226. What is the ten thousands digit of t?
1
Suppose 962*i - 133923 = 959*i - g, -3*g + 89268 = 2*i. What is the tens digit of i?
4
Suppose 20*u - 15491 - 163219 = 6*u. What is the units digit of u?
5
Suppose -247676 - 353444 = -40*b. What is the tens digit of b?
2
Let g(w) = -w**3 + 13*w + 9. Let k be g(-4). Let u(z) = -k*z**3 + 400*z - 390*z + z**2 + 4*z**2. What is the units digit of u(-2)?
8
Let p be 14/5 + (-5)/(-25) - 139. Let d = p + 68. What is the tens digit of (-1158)/(-8) - (4 - d/(-16))?
4
Suppose 4*h - 2*l = -767 + 9, -5*l = -h - 176. Let o = h + 269. What is the units digit of o?
8
Let s be ((-7)/(147/6))/(3/(-42)). Let t be ((-2)/(-5))/(2/20). Suppose -2*v - w = -111, -100 = -s*v + t*w + 128. What is the tens digit of v?
5
Suppose -5*h = -4*n + 116, 0*n + h + 124 = 5*n. Suppose b + 11408 = n*b. What is the tens digit of b?
9
Suppose -26*n = -21*n - 40. What is the units digit of 860*((-34)/n)/(-17)?
5
Suppose 4*q = 5*j + 337, 239 + 88 = 4*q + 5*j. Let o be (-7)/(-1)*(-130)/(-91). Let u = q - o. What is the tens digit of u?
7
Let r be (3 - 2)/((-2)/74). Let x = r - -46. Suppose 2 = -2*t, -584 = -3*p + x*t - 4*t. What is the tens digit of p?
9
Suppose 156*b - 585687 - 195934 - 694763 = 0. What is the tens digit of b?
6
Let y be (-57414)/(-69) + 22/(-253). Suppose 9*b + y = 14791. What is the hundreds digit of b?
5
Let z = 0 + 2. What is the hundreds digit of z - (-30)/(-5) - -197?
1
Suppose 20*m - 102 + 22 = 0. Suppose 455 = -m*f + 7419. What is the tens digit of f?
4
Let k be 12/10 - (-3976)/(-280). What is the hundreds digit of (-9*k/(-78))/((-2)/212)?
1
Let n(v) be the first derivative of 1/2*v**2 + 11/3*v**3 - 2*v + 11. What is the units digit of n(1)?
0
Let k(a) be the first derivative of -a**3/3 - 2*a**2 + 29*a - 23. Let s be k(0). Suppose -123 = s*h - 30*h. What is the hundreds digit of h?
1
Let z(i) = 17*i + 18. Suppose -2*u - 3 = 7. Let y be z(u). Let c = 111 + y. What is the tens digit of c?
4
Let y be (-70)/8 - (4 - 30/8). Let s = y + 83. Let a = s + -36. What is the units digit of a?
8
Let m = -289 - -289. Suppose -1107 = -2*l - v, m = 3*l + v - 3*v - 1664. What is the hundreds digit of l?
5
Suppose -315 = -4*h - 16*f + 17*f, 3*h - 260 = -4*f. What is the units digit of 12/(-32)*-1 - (-52130)/h?
2
Let d(v) = -23 + 2*v + v + 73. Let h be d(-16). Suppose -5*q + 3*a = -h*a - 255, 2*a = q - 55. What is the tens digit of q?
4
Let j(z) = 681*z**3 - 2*z**2 + 18*z - 17. What is the tens digit of j(3)?
0
Suppose -14 = -3*n - 8, 0 = -2*i + 2*n + 66974. What is the thousands digit of i?
3
Let f be (-407 - (-2 - 3)) + -3. What is the units digit of f/(-4) + 39/52?
2
Suppose 0 = -v + 2. Suppose -926 + 31 = -5*w + 5*r, -v*w - r = -358. Suppose 181 = 9*n - w. What is the units digit of n?
0
Suppose -240*s = -236*s - 3040. Suppose 32*l - 22*l - s = 0. What is the units digit of l?
6
Suppose 57 = 12*q - 1551. What is the hundreds digit of q + 73 - (4 + (0 - 0))?
2
Let n = 5412 + -1955. Let x = -2240 + n. What is the thousands digit of x?
1
Let l(n) = 11268*n**2 + 66*n + 63. What is the tens digit of l(-1)?
6
Let v be 29*(-1 + 2) + (-24 - -21). Let p(z) = 0*z**3 + v*z**2 + 7*z**3 - 27*z**2. What is the units digit of p(1)?
6
Let y = 609 + -605. Suppose 2*r - 1063 = y*z - 69, -2455 = -5*r - 5*z. What is the hundreds digit of r?
4
Let i(j) = -7*j**3 + 32*j**2 - 48*j - 12. Let n(r) = 15*r**3 - 66*r**2 + 98*r + 22. Let l(x) = -13*i(x) - 6*n(x). What is the units digit of l(20)?
4
Let c = 3791 + -2681. Suppose -5*a + 15*a - c = 0. What is the tens digit of a?
1
Let n(t) = -t + 204. Let g(q) = -q + 102. Let r(i) = -7*g(i) + 4*n(i). What is the units digit of r(33)?
1
Let k(r) = r**3 + 13*r**2 - 54*r - 24. Suppose -2*a - 7 = 7*w - 2*w, 4*a - 5*w + 89 = 0. What is the units digit of k(a)?
2
Let w(c) = 10*c + 7. Suppose -6*n - 4*n = -20. Let v be w(n). Suppose -35 = -2*r + v. What is the tens digit of r?
3
Let l = 140 + 107. Suppose 38 + l = 3*b. What is the tens digit of b?
9
Let n(f) = -5*f + 6 - 4*f**3 + 2*f**2 + 3*f**3 - 27 + 6*f**2. What is the tens digit of n(6)?
2
Let p(n) = -2*n + 16. Let j be p(6). What is the units digit of (-7645)/(-121) + j/(-22)?
3
Let j = 18949 + -4015. What is the ten thousands digit of j?
1
Let d be (2/4)/(1*1/(-1314)). What is the hundreds digit of (5 - 1)*(-2)/(24/d)?
2
Suppose -3*h + 1971 - 458 = c, 1517 = 3*h + 5*c. Suppose 12*y - 11*y = h. What is the units digit of y?
4
Let n = 20277 + -9808. What is the hundreds digit of n?
4
Suppose 2*j - 3*j = -2*v - 7, -5*j + 40 = -5*v. Suppose 0 = j*u - 0 + 54. What is the tens digit of -98*(4 - (-27)/u)?
4
Let c = -24111 + 36665. What is the ten thousands digit of c?
1
Suppose 5*d - a + 2*a + 8 = 0, -14 = 5*d + 3*a. Let u be (3 + 1)*(-4)/(d - 3). Let q(y) = 6*y**2 - 12*y + 10. What is the units digit of q(u)?
8
What is the units digit of 1358888/28 + 2/7 - (2 - 7)?
7
Let w be 3*8/(-60)*-10. Suppose 4*d + w*u - 1396 = 0, d + 4*u - 72 = 265. Let p = d - 251. What is the units digit of p?
2
Let w = -618 - 1131. What is the thousands digit of 62438/33 - (-106)/w?
1
Let k(w) = -8*w**3 - 19*w**2 - 2*w + 173. What is the units digit of k(-21)?
4
Let r = 503 - -21. Let m = 2270 - 2628. Let d = r + m. What is the tens digit of d?
6
Let m(f) = 26*f + 264. Let u be m(-10). Suppose -2*c + k = -204, 5*c + u*k = 447 + 76. What is the units digit of c?
3
Let r = -549 - -713. Let m = 491 - r. What is the tens digit of m?
2
Let n(r) = r**3 + 34*r**2 + 33*r + 9. Let b be n(-26). Suppose 12*o - b = 553. What is the hundreds digit of o?
4
What is the units digit of -260*36/(-270)*(-2 - 1743/(-12))?
6
Let t(i) = 4*i**2 + 76*i + 1408. What is the units digit of t(-49)?
8
Let c be (-2 - 1) + 4*-36. Let z = 243 + c. Suppose 3*x + 0*x = z. What is the tens digit of x?
3
Suppose -276415 = -88*w + 335185. What is the units digit of w?
0
Let j = -597 + 393. Let u be -2 + 0 + j/(-34). Suppose -3*l - 883 = -3*o - o, -3*o + 681 = u*l. What is the hundreds digit of o?
2
Let r(y) = -y**3 + y**2 + 1033. Let i be r(0). Suppose -917 = -3*q + i. What is the tens digit of q?
5
Let u = 2240 - 810. Suppose 33*z + u = 38*z. What is the hundreds digit of z?
2
Let m(a) = -4*a**3 - 6*a**2 - 15*a + 3*a + 6*a**3 + 13 - 3*a**3. Suppose q = 3*c + 14 + 6, c = -3*q. What is the tens digit of m(c)?
8
Let f = -6 + 24. Suppose 11*k + 203 = f*k. What is the tens digit of k?
2
Let d(u) = 14*u + 14. Let i(g) = 2. Let b(k) = 2*k + 18. Let r(l) = b(l) + 3*i(l). Let o be r(-6). What is the units digit of d(o)?
2
Let l(d) = -2*d**3 + 13*d**2 - 10*d + 21. Let y be l(6). What is the units digit of ((-4)/(-1) - 1)/((-1)/y)?
9
Suppose 21 = c - 27. Suppose 0 = 4*d - 5*d - c. What is the units digit of (-3 + 2 + d)*-1?
9
Suppose f = -3*k + 10, 4 = 3*k + 11*f - 7*f. What is the tens digit of k/(16/111) + (-9)/(-36)?
2
Suppose 2*g - 3*d - 18 = 0, 3*d + 13 = 5*g - 14. Suppose 1315 = 5*a - h, 3*a + g*h = -2*h + 761. What is the hundreds digit of a?
2
Let y(v) = 2*v**3 - 150*v**2 - 232*v + 30. What is the hundreds digit of y(77)?
8
Let n(r) = r**3 + 38*r**2 + 7*r + 167. What is the thousands digit of n(-37)?
1
What is the tens digit of (9 - (1 + -8)/7)*1*2453?
3
Let s be (-7 - 7)*(-3 - 3). Suppose -3*o + 3*a + 35 + 97 = 0, -s = -2*o - 2*a. What is the tens digit of o?
4
Suppose m = 3*z - z - 7, 3*z = -4*m + 5. Let c = -1 - m. Suppose c = -68*r + 67*r + 136. What is the hundreds digit of r?
1
Suppose 8990 = -20*c + 10*c. Let a = -618 - c. What is the units digit of a?
1
Suppose -281*s = -7063308 + 1449771. What is the units digit of s?
7
Let a = -31 - -26. Let y(g) = -9*g + 12. Let i be y(a). Let p = i + -2. What is the tens digit of p?
5
Let c be (-8)/(-2) - (-15)/15. Suppose -2*v = c*j - 1630, -j + 161 + 172 = -v. What is the tens digit of j?
2
Let v = -244 - -2434. What is the units digit of (-3)/((-36)/v)*(-12)/(-15)?
6
Suppose -20*y + 15*y = -20. What is the hundreds digit of (9 - y) + 6/(30/2825)?
5
Suppose 0 = -109*u + 10